{"id":4466,"date":"2023-01-23T18:09:24","date_gmt":"2023-01-23T21:09:24","guid":{"rendered":"https:\/\/gastropedia.pub\/pt\/gastroblog\/?page_id=4466"},"modified":"2023-10-25T14:33:16","modified_gmt":"2023-10-25T17:33:16","slug":"sobre","status":"publish","type":"page","link":"https:\/\/gastropedia.pub\/pt\/gastroblog\/sobre\/","title":{"rendered":"Sobre"},"content":{"rendered":"\t\t<div data-elementor-type=\"wp-page\" data-elementor-id=\"4466\" class=\"elementor elementor-4466\">\n\t\t\t\t\t\t<section class=\"penci-section penci-disSticky penci-structure-10 elementor-section elementor-top-section elementor-element elementor-element-14b697e9 elementor-section-boxed elementor-section-height-default elementor-section-height-default\" data-id=\"14b697e9\" data-element_type=\"section\" data-e-type=\"section\">\n\t\t\t\t\t\t<div class=\"elementor-container elementor-column-gap-default\">\n\t\t\t\t\t<div class=\"penci-ercol-100 penci-ercol-order-1 penci-sticky-ct    elementor-column elementor-col-100 elementor-top-column elementor-element elementor-element-8cccf41\" data-id=\"8cccf41\" data-element_type=\"column\" data-e-type=\"column\">\n\t\t\t<div class=\"elementor-widget-wrap elementor-element-populated\">\n\t\t\t\t\t\t<div class=\"elementor-element elementor-element-1cab6628 elementor-widget elementor-widget-text-editor\" data-id=\"1cab6628\" data-element_type=\"widget\" data-e-type=\"widget\" data-widget_type=\"text-editor.default\">\n\t\t\t\t<div class=\"elementor-widget-container\">\n\t\t\t\t\t\t\t\t\t<p><\/p>\n<h2 class=\"wp-block-heading\"><strong>O que \u00e9 o GastroBlog?<\/strong><\/h2>\n<p><\/p>\n<p><\/p>\n<p>O GastroBlog \u00e9 um site idealizado para pessoas que buscam esclarecimento sobre diversos assuntos envolvendo o aparelho digestivo. Surgiu a partir da necessidade que muitas pessoas t\u00eam de acessar informa\u00e7\u00f5es verdadeiras, concedidas por m\u00e9dicos especialistas, e com uma linguagem clara e did\u00e1tica para ter plena compreens\u00e3o acerca do tema.<\/p>\n<p><\/p>\n<p><\/p>\n<h2 class=\"wp-block-heading\"><strong>Qual a fun\u00e7\u00e3o do GastroBlog?<\/strong><\/h2>\n<p><\/p>\n<p><\/p>\n<p>A principal fun\u00e7\u00e3o do GastroBlog \u00e9 fornecer informa\u00e7\u00f5es de qualidade e tirar as principais d\u00favidas dos pacientes sobre a sa\u00fade e patologias do aparelho digestivo.<\/p>\n<p><\/p>\n<p><\/p>\n<p>Com o GastroBlog, toda a popula\u00e7\u00e3o pode ter acesso on-line e gratuito a informa\u00e7\u00f5es ver\u00eddicas (e verificadas) sobre doen\u00e7as de todo o aparelho digestivo.<\/p>\n<p><\/p>\n<p><\/p>\n<h2 class=\"wp-block-heading\"><strong>Diferenciais do GastroBlog<\/strong><\/h2>\n<p><\/p>\n<p><\/p>\n<p>O GastroBlog tem como um de seus principais diferenciais a premissa de entregar aos internautas um conte\u00fado que seja, ao mesmo tempo, informativo e de f\u00e1cil compreens\u00e3o, visando tirar d\u00favidas sem gerar confus\u00e3o.<\/p>\n<p><\/p>\n<p><\/p>\n<p>As informa\u00e7\u00f5es contidas no GastroBlog s\u00e3o desenvolvidas e revisadas por profissionais, al\u00e9m de serem veiculadas em um formato mais resumido, para otimizar o tempo de quem acessa o site em busca de respostas.<\/p>\n<p><\/p>\n<p><\/p>\n<h2 class=\"wp-block-heading\"><strong>Quem faz o GastroBlog?<\/strong><\/h2>\n<p><\/p>\n<p><\/p>\n<p>O GastroBlog foi idealizado por uma equipe de m\u00e9dicos especialistas do Aparelho Digestivo que s\u00e3o editores do portal Gastropedia e Endoscopia Terap\u00eautica. O site tamb\u00e9m conta com o apoio de ampla rede de m\u00e9dicos, que atuam como editores colaboradores.<\/p>\n<p><\/p>\n<p><\/p>\n<p>Navegue pelo GastroBlog para acessar todos os conte\u00fados gratuitamente.<\/p>\n<p><\/p>\t\t\t\t\t\t\t\t<\/div>\n\t\t\t\t<\/div>\n\t\t\t\t\t<\/div>\n\t\t<\/div>\n\t\t\t\t\t<\/div>\n\t\t<\/section>\n\t\t\t\t<\/div>\n\t\t","protected":false},"excerpt":{"rendered":"<p>O que \u00e9 o GastroBlog? O GastroBlog \u00e9 um site idealizado para pessoas que buscam esclarecimento sobre diversos assuntos envolvendo o aparelho digestivo. Surgiu a partir da necessidade que muitas&hellip;<\/p>\n","protected":false},"author":1,"featured_media":0,"parent":0,"menu_order":0,"comment_status":"closed","ping_status":"closed","template":"","meta":{"_lmt_disableupdate":"","_lmt_disable":"","footnotes":""},"class_list":["post-4466","page","type-page","status-publish","hentry"],"yoast_head":"<!-- This site is optimized with the Yoast SEO plugin v27.3 - https:\/\/yoast.com\/product\/yoast-seo-wordpress\/ -->\n<title>Sobre - Gastroblog<\/title>\n<meta name=\"robots\" content=\"index, follow, max-snippet:-1, max-image-preview:large, max-video-preview:-1\" \/>\n<link rel=\"canonical\" href=\"https:\/\/gastropedia.pub\/pt\/gastroblog\/sobre\/\" \/>\n<meta property=\"og:locale\" content=\"pt_BR\" \/>\n<meta property=\"og:type\" content=\"article\" \/>\n<meta property=\"og:title\" content=\"Sobre - Gastroblog\" \/>\n<meta property=\"og:description\" content=\"O que \u00e9 o GastroBlog? O GastroBlog \u00e9 um site idealizado para pessoas que buscam esclarecimento sobre diversos assuntos envolvendo o aparelho digestivo. Surgiu a partir da necessidade que muitas&hellip;\" \/>\n<meta property=\"og:url\" content=\"https:\/\/gastropedia.pub\/pt\/gastroblog\/sobre\/\" \/>\n<meta property=\"og:site_name\" content=\"Gastroblog\" \/>\n<meta property=\"article:modified_time\" content=\"2023-10-25T17:33:16+00:00\" \/>\n<meta name=\"twitter:card\" content=\"summary_large_image\" \/>\n<meta name=\"twitter:label1\" content=\"Est. tempo de leitura\" \/>\n\t<meta name=\"twitter:data1\" content=\"2 minutos\" \/>\n<script type=\"application\/ld+json\" class=\"yoast-schema-graph\">{\"@context\":\"https:\\\/\\\/schema.org\",\"@graph\":[{\"@type\":\"WebPage\",\"@id\":\"https:\\\/\\\/gastropedia.pub\\\/pt\\\/gastroblog\\\/sobre\\\/\",\"url\":\"https:\\\/\\\/gastropedia.pub\\\/pt\\\/gastroblog\\\/sobre\\\/\",\"name\":\"Sobre - Gastroblog\",\"isPartOf\":{\"@id\":\"https:\\\/\\\/gastropedia.pub\\\/pt\\\/gastroblog\\\/#website\"},\"datePublished\":\"2023-01-23T21:09:24+00:00\",\"dateModified\":\"2023-10-25T17:33:16+00:00\",\"breadcrumb\":{\"@id\":\"https:\\\/\\\/gastropedia.pub\\\/pt\\\/gastroblog\\\/sobre\\\/#breadcrumb\"},\"inLanguage\":\"pt-BR\",\"potentialAction\":[{\"@type\":\"ReadAction\",\"target\":[\"https:\\\/\\\/gastropedia.pub\\\/pt\\\/gastroblog\\\/sobre\\\/\"]}]},{\"@type\":\"BreadcrumbList\",\"@id\":\"https:\\\/\\\/gastropedia.pub\\\/pt\\\/gastroblog\\\/sobre\\\/#breadcrumb\",\"itemListElement\":[{\"@type\":\"ListItem\",\"position\":1,\"name\":\"In\u00edcio\",\"item\":\"https:\\\/\\\/gastropedia.pub\\\/pt\\\/gastroblog\\\/\"},{\"@type\":\"ListItem\",\"position\":2,\"name\":\"Sobre\"}]},{\"@type\":\"WebSite\",\"@id\":\"https:\\\/\\\/gastropedia.pub\\\/pt\\\/gastroblog\\\/#website\",\"url\":\"https:\\\/\\\/gastropedia.pub\\\/pt\\\/gastroblog\\\/\",\"name\":\"Gastroblog\",\"description\":\"\",\"potentialAction\":[{\"@type\":\"SearchAction\",\"target\":{\"@type\":\"EntryPoint\",\"urlTemplate\":\"https:\\\/\\\/gastropedia.pub\\\/pt\\\/gastroblog\\\/?s={search_term_string}\"},\"query-input\":{\"@type\":\"PropertyValueSpecification\",\"valueRequired\":true,\"valueName\":\"search_term_string\"}}],\"inLanguage\":\"pt-BR\"}]}<\/script>\n<!-- \/ Yoast SEO plugin. -->","yoast_head_json":{"title":"Sobre - Gastroblog","robots":{"index":"index","follow":"follow","max-snippet":"max-snippet:-1","max-image-preview":"max-image-preview:large","max-video-preview":"max-video-preview:-1"},"canonical":"https:\/\/gastropedia.pub\/pt\/gastroblog\/sobre\/","og_locale":"pt_BR","og_type":"article","og_title":"Sobre - Gastroblog","og_description":"O que \u00e9 o GastroBlog? O GastroBlog \u00e9 um site idealizado para pessoas que buscam esclarecimento sobre diversos assuntos envolvendo o aparelho digestivo. Surgiu a partir da necessidade que muitas&hellip;","og_url":"https:\/\/gastropedia.pub\/pt\/gastroblog\/sobre\/","og_site_name":"Gastroblog","article_modified_time":"2023-10-25T17:33:16+00:00","twitter_card":"summary_large_image","twitter_misc":{"Est. tempo de leitura":"2 minutos"},"schema":{"@context":"https:\/\/schema.org","@graph":[{"@type":"WebPage","@id":"https:\/\/gastropedia.pub\/pt\/gastroblog\/sobre\/","url":"https:\/\/gastropedia.pub\/pt\/gastroblog\/sobre\/","name":"Sobre - Gastroblog","isPartOf":{"@id":"https:\/\/gastropedia.pub\/pt\/gastroblog\/#website"},"datePublished":"2023-01-23T21:09:24+00:00","dateModified":"2023-10-25T17:33:16+00:00","breadcrumb":{"@id":"https:\/\/gastropedia.pub\/pt\/gastroblog\/sobre\/#breadcrumb"},"inLanguage":"pt-BR","potentialAction":[{"@type":"ReadAction","target":["https:\/\/gastropedia.pub\/pt\/gastroblog\/sobre\/"]}]},{"@type":"BreadcrumbList","@id":"https:\/\/gastropedia.pub\/pt\/gastroblog\/sobre\/#breadcrumb","itemListElement":[{"@type":"ListItem","position":1,"name":"In\u00edcio","item":"https:\/\/gastropedia.pub\/pt\/gastroblog\/"},{"@type":"ListItem","position":2,"name":"Sobre"}]},{"@type":"WebSite","@id":"https:\/\/gastropedia.pub\/pt\/gastroblog\/#website","url":"https:\/\/gastropedia.pub\/pt\/gastroblog\/","name":"Gastroblog","description":"","potentialAction":[{"@type":"SearchAction","target":{"@type":"EntryPoint","urlTemplate":"https:\/\/gastropedia.pub\/pt\/gastroblog\/?s={search_term_string}"},"query-input":{"@type":"PropertyValueSpecification","valueRequired":true,"valueName":"search_term_string"}}],"inLanguage":"pt-BR"}]}},"_links":{"self":[{"href":"https:\/\/gastropedia.pub\/pt\/gastroblog\/wp-json\/wp\/v2\/pages\/4466","targetHints":{"allow":["GET"]}}],"collection":[{"href":"https:\/\/gastropedia.pub\/pt\/gastroblog\/wp-json\/wp\/v2\/pages"}],"about":[{"href":"https:\/\/gastropedia.pub\/pt\/gastroblog\/wp-json\/wp\/v2\/types\/page"}],"author":[{"embeddable":true,"href":"https:\/\/gastropedia.pub\/pt\/gastroblog\/wp-json\/wp\/v2\/users\/1"}],"replies":[{"embeddable":true,"href":"https:\/\/gastropedia.pub\/pt\/gastroblog\/wp-json\/wp\/v2\/comments?post=4466"}],"version-history":[{"count":32,"href":"https:\/\/gastropedia.pub\/pt\/gastroblog\/wp-json\/wp\/v2\/pages\/4466\/revisions"}],"predecessor-version":[{"id":7653,"href":"https:\/\/gastropedia.pub\/pt\/gastroblog\/wp-json\/wp\/v2\/pages\/4466\/revisions\/7653"}],"wp:attachment":[{"href":"https:\/\/gastropedia.pub\/pt\/gastroblog\/wp-json\/wp\/v2\/media?parent=4466"}],"curies":[{"name":"wp","href":"https:\/\/api.w.org\/{rel}","templated":true}]}}